{"id":34,"date":"2018-07-22T09:28:14","date_gmt":"2018-07-22T07:28:14","guid":{"rendered":"https:\/\/guillen.pro\/fabienne\/?page_id=34"},"modified":"2018-12-31T08:22:57","modified_gmt":"2018-12-31T07:22:57","slug":"plan","status":"publish","type":"page","link":"https:\/\/guillen.pro\/fabienne\/plan\/","title":{"rendered":"Plan"},"content":{"rendered":"<p><iframe style=\"border: 0;\" src=\"https:\/\/www.google.com\/maps\/embed?pb=!1m18!1m12!1m3!1d2889.900059498103!2d1.4380713158644913!3d43.587797979123586!2m3!1f0!2f0!3f0!3m2!1i1024!2i768!4f13.1!3m3!1m2!1s0x12aebc822e887845%3A0xcbed9abe0eff3407!2sGuillen+Fabienne!5e0!3m2!1sfr!2sfr!4v1532244586463\" allowfullscreen=\"allowfullscreen\" width=\"600\" height=\"450\" frameborder=\"0\"><span style=\"display: inline-block; width: 0px; overflow: hidden; line-height: 0;\" data-mce-type=\"bookmark\" class=\"mce_SELRES_start\">\ufeff<\/span><\/iframe><\/p>\n<p><strong>Guillen Fabienne <\/strong><a href=\"https:\/\/fr.mappy.com\/#\/2\/M2\/TGeoentity\/F50b079a484aedf0034e216ea\/N151.12061,6.11309,1.44549,43.5955\/Z15\/\">32, boulevard des platanes, appartement 21, \u00e9tage 3, 31400 Toulouse<\/a><\/p>\n<div class=\"infos_pratique\">\n<h2>Transports en commun :<\/h2>\n<ul>\n<li><strong><i class=\"fa fa-bus\"><\/i> Bus : <\/strong>Ligne de bus Lin\u00e9o 9 : arr\u00eat Conseil R\u00e9gional<\/li>\n<li><strong><i class=\"fa fa-subway\"><\/i> M\u00e9tro : <\/strong>Ligne B : arr\u00eat Palais de justice<\/li>\n<li><strong><i class=\"fa fa-subway\"><\/i> Tramway : <\/strong>Palais de justice<\/li>\n<\/ul>\n<h2>Voiture :<\/h2>\n<ul>\n<li><strong> <i class=\"fa fa-car\"><\/i> Parking :<\/strong> Saint Michel<\/li>\n<li><strong> <i class=\"fa fa-share\"><\/i> Sortie 24 :<\/strong> Empalot<\/li>\n<\/ul>\n<\/div>\n","protected":false},"excerpt":{"rendered":"<p>\ufeff Guillen Fabienne 32, boulevard des platanes, appartement 21, \u00e9tage 3, 31400 Toulouse Transports en commun : Bus : Ligne de bus Lin\u00e9o 9 : arr\u00eat Conseil R\u00e9gional M\u00e9tro : Ligne B : arr\u00eat Palais de justice Tramway : Palais de justice Voiture : Parking : Saint Michel Sortie 24 : Empalot<\/p>\n","protected":false},"author":4,"featured_media":0,"parent":0,"menu_order":0,"comment_status":"closed","ping_status":"closed","template":"","meta":{"_relevanssi_hide_post":"","_relevanssi_hide_content":"","_relevanssi_pin_for_all":"","_relevanssi_pin_keywords":"","_relevanssi_unpin_keywords":"","_relevanssi_related_keywords":"","_relevanssi_related_include_ids":"","_relevanssi_related_exclude_ids":"","_relevanssi_related_no_append":"","_relevanssi_related_not_related":"","_relevanssi_related_posts":"","_relevanssi_noindex_reason":"","jetpack_post_was_ever_published":false,"footnotes":""},"class_list":["post-34","page","type-page","status-publish","hentry"],"aioseo_notices":[],"jetpack_sharing_enabled":true,"jetpack_shortlink":"https:\/\/wp.me\/P9kfvC-y","jetpack_likes_enabled":true,"jetpack-related-posts":[],"amp_enabled":true,"_links":{"self":[{"href":"https:\/\/guillen.pro\/fabienne\/wp-json\/wp\/v2\/pages\/34","targetHints":{"allow":["GET"]}}],"collection":[{"href":"https:\/\/guillen.pro\/fabienne\/wp-json\/wp\/v2\/pages"}],"about":[{"href":"https:\/\/guillen.pro\/fabienne\/wp-json\/wp\/v2\/types\/page"}],"author":[{"embeddable":true,"href":"https:\/\/guillen.pro\/fabienne\/wp-json\/wp\/v2\/users\/4"}],"replies":[{"embeddable":true,"href":"https:\/\/guillen.pro\/fabienne\/wp-json\/wp\/v2\/comments?post=34"}],"version-history":[{"count":0,"href":"https:\/\/guillen.pro\/fabienne\/wp-json\/wp\/v2\/pages\/34\/revisions"}],"wp:attachment":[{"href":"https:\/\/guillen.pro\/fabienne\/wp-json\/wp\/v2\/media?parent=34"}],"curies":[{"name":"wp","href":"https:\/\/api.w.org\/{rel}","templated":true}]}}

<p><iframe style="border: 0;" src="https://www.google.com/maps/embed?pb=!1m18!1m12!1m3!1d2889.900059498103!2d1.4380713158644913!3d43.587797979123586!2m3!1f0!2f0!3f0!3m2!1i1024!2i768!4f13.1!3m3!1m2!1s0x12aebc822e887845%3A0xcbed9abe0eff3407!2sGuillen+Fabienne!5e0!3m2!1sfr!2sfr!4v1532244586463" allowfullscreen="allowfullscreen" width="600" height="450" frameborder="0"><span style="display: inline-block; width: 0px; overflow: hidden; line-height: 0;" data-mce-type="bookmark" class="mce_SELRES_start">﻿</span></iframe></p>
<p><strong>Guillen Fabienne </strong><a href="https://fr.mappy.com/#/2/M2/TGeoentity/F50b079a484aedf0034e216ea/N151.12061,6.11309,1.44549,43.5955/Z15/">32, boulevard des platanes, appartement 21, étage 3, 31400 Toulouse</a></p>
<div class="infos_pratique">
<h2>Transports en commun :</h2>
<ul>
<li><strong><i class="fa fa-bus"></i> Bus : </strong>Ligne de bus Linéo 9 : arrêt Conseil Régional</li>
<li><strong><i class="fa fa-subway"></i> Métro : </strong>Ligne B : arrêt Palais de justice</li>
<li><strong><i class="fa fa-subway"></i> Tramway : </strong>Palais de justice</li>
</ul>
<h2>Voiture :</h2>
<ul>
<li><strong> <i class="fa fa-car"></i> Parking :</strong> Saint Michel</li>
<li><strong> <i class="fa fa-share"></i> Sortie 24 :</strong> Empalot</li>
</ul>
</div>

<p>﻿ Guillen Fabienne 32, boulevard des platanes, appartement 21, étage 3, 31400 Toulouse Transports en commun : Bus : Ligne de bus Linéo 9 : arrêt Conseil Régional Métro : Ligne B : arrêt Palais de justice Tramway : Palais de justice Voiture : Parking : Saint Michel Sortie 24 : Empalot</p>
